3 + (2 + -11 + 7 - 23)?
-28
What is 8 - (6 + (-3 - 2) - -16)?
-9
Calculate 12 - (12 + (-7 - -2) - 10).
15
Evaluate 22 + -8 - (4 - -9).
1
What is the value of -117 - -128 - (23 - (-4 + 2))?
-14
Evaluate -5 + (1 - 8 - 4 - (1 + -5)).
-12
What is 0 + -11 - (36 - (-22 + 63)) - -1?
-5
-2 - (-7 + (-5 - 0) + 8)
2
Evaluate -57 + 81 + 14 + -17.
21
Evaluate (0 - (20 + 1)) + 20 + -17.
-18
What is -16 + 48 + -5 - 18?
9
What is the value of (111 - 21) + -31 + -28?
31
What is -11 - -15 - (-80 + 115)?
-31
Evaluate -3 + (-95 + 90 + (0 - -3) - -7).
2
Evaluate -9 + (10 + (1 - 7) - 1).
-6
What is -6 + (-1 - 4 - (-1 - 4)) - -5?
-1
Calculate 2 + 10 + (24 - 24).
12
Calculate (0 - (1 + -3)) + (76 - 70) - -2.
10
What is -9 + 0 - (134 - 133)?
-10
What is the value of -6 + 18 + -30 + 33 - 27?
-12
Evaluate 1 + (10 - 3) + (248 - 231).
25
What is the value of (16 - (9 - (4 + -2))) + 1?
10
(2 - (4 - (2 + 7) - -5)) + 9
11
Evaluate 2 - 29 - (-40 - -24).
-11
Calculate -2 - (7 - 0 - (22 - 9 - 5)).
-1
What is -25 + 19 + (-12 + 4 - 1)?
-15
12 - (-1 + (-1 - -21))
-7
What is the value of -35 + 8 - (-3 - (-2 - (-13 - -6)))?
-19
What is the value of 1 + 10 - ((0 - 6) + 33)?
-16
(-5 - -19) + -1 + 1 + 4 - 1
17
Calculate -6 + -4 + 3 + (18 - 21).
-10
What is the value of -116 + 113 - (2 - 3 - -2)?
-4
What is 3 - 13 - (-44 - -22) - 2?
10
-11 + (0 + -30 - (-152 + 137))
-26
-6 - (9 + -8 + 1 + 5)
-13
Calculate 16 + (-19 - -11) + 2 + -3.
7
What is -5 - 10 - (-23 + (21 - 47))?
34
19 + (-114 - -113) + (5 - (-3 + 2))
24
Calculate -1 + 14 + (-8 - 16).
-11
Evaluate (-4 + -5 - (43 + -22)) + 6.
-24
What is 9 - (-2 - (10 - (11 + -5)))?
15
Evaluate -1 + 2 + -14 + 9 - -5 - -9.
10
Calculate -1 + (-2 - 0) + (2 - (10 + -3)).
-8
What is 6 + 2 + 12 + -43 + 46?
23
Calculate 0 + 3 + 6 + -16 + 9.
2
Evaluate 9 + 1 + 0 + 4 + -10 + 8.
12
What is the value of -12 + (24 - 25 - -19)?
6
73 + -48 + (-7 - (2 - -1))
15
What is the value of 23 + (12 - (23 - 2))?
14
Evaluate 4 + -10 - ((-2 - (-5 - -6)) + -2).
-1
Calculate (-58 - (-47 - -8)) + 23.
4
Calculate -17 + (2 + 4 - -4 - 3).
-10
What is -5 + (-5 - (10 + -7) - (-8 + 1))?
-6
What is the value of (0 - (3 - (0 + -2))) + -944 + 989?
40
What is the value of -15 + (0 - 2 - -18) + 14?
15
What is the value of 6 + 1 + -3 - (-1 + -2 + 8)?
-1
What is the value of (-27 + 18 - 8) + 36?
19
Calculate (-6 - 13) + (-15 - -6).
-28
Evaluate 3 + (2 - 3 - -2) - (-1186 - -1205).
-15
(12 - 19 - (5 - 3)) + 4 + -1
-6
(7 - (4 - 4)) + 1 - 1
7
What is (8 - (6 - 2)) + (-7 + 3 - 9)?
-9
Calculate (16 - (-5 - -11)) + 10 + -9.
11
Evaluate 8 + -5 + -4 + 11.
10
Evaluate 58 - (94 + -47) - 42.
-31
What is the value of 0 - (-3 + -1) - (-13 - (-14 + -15))?
-12
Evaluate 7 + 21 - 56 - -12.
-16
Calculate 5 - (-20 - ((-1 - 11) + 7)).
20
Evaluate 0 - 1 - 6 - ((22 - 47) + 15).
3
What is the value of 26 - 36 - (-6 - (-3 - -4 - 17))?
-20
What is the value of 2 + 1 + -3 - -8?
8
What is 9 + 9 + (-14 - -12) + 1?
17
Evaluate 36 - (-23 - (-8 + -36)).
15
-7 + -10 + 2 + 14
-1
What is the value of 15 + -18 + 9 + 1 + (1 - 20)?
-12
-12 + 14 + -12 + 14
4
What is -7 - (3 + (10 - (-9 + 31))) - -12?
14
What is -1 + 14 + -8 + 17 - 7?
15
What is the value of (2 + -4 - (-16 - -8)) + -16?
-10
What is the value of -61 + 34 - -34 - 5?
2
Calculate 5 - -23 - (-9 - -31).
6
What is the value of 2 + -5 - 42 - (-12 + -1)?
-32
What is the value of (0 - -7) + 19 + (-34 - (-20 + 3))?
9
(-9 + 8 - -35) + 1 - 12
23
What is -2 + (16 - (10 + -6)) + -14?
-4
Calculate (-29 - -11) + -114 + 115.
-17
Evaluate 13 - ((-4 + 29 - 14) + -8).
10
Calculate -31 - (-5 + -13) - -16.
3
14 + 2 + -4 + (-3 - (6 - 9))
12
Evaluate -7 - (-6 + (-5 + 7 - -6)).
-9
Calculate 27 + -33 + (6 + 0 - 3 - -1).
-2
What is -6 - (-2 - (-10 - -10)) - 2?
-6
What is (1384 - 1411) + (0 - -13)?
-14
19 + (-25 - 1) - -17
10
What is 9 + (-6 - 4) + (7 - 2)?
4
10 + (-21 - -40) + -12
17
Calculate 6 - 1 - (151 + -160).
14
5 + (8 + -11 - -3) + 3 - 4
4
Evaluate -17 + 7 - -15 - (-5 - 19).
29
What is 0 - (6 + -4 + 2 + (-7 - 1))?
4
What is -4 - 10 - (10 - 24 - -16)?
-16
-76 + 69 - (-3 - (1 - -6))
3
1 + 2 + 8 + -6 + (10 - 9)
6
Calculate 30 + -19 + -13 - (-19 - (-2 + 0)).
15
Calculate 1 + 9 - (-22 - (-36 + 19)).
15
What is the value of -34 + -1 + (-3 - -7 - (4 + -10))?
-25
What is the value of -1 + -2 + 0 + 403 + -421?
-21
Calculate 7 + (-3 + 11 - 16).
-1
Evaluate (-4 - (-5 + (-1 - -10)) - -7) + 14.
13
11 + (-5 - 1) + 0 + 4
9
What is the value of 9 - (-1 + 3) - (4 - -7)?
-4
What is 1 + -8 + -13 + 25 + 1 + 3?
9
Evaluate -1350 - -1313 - (-5 - (-1 - -2)).
-31
-11 - -5 - (2 + 4)
-12
What is 5 - 8 - ((1 - 6) + 35) - -7?
-26
6 + (-16 - (4 - -3 - 3) - -5)
-9
Calculate 0 - -13 - (10 - (10 - 7)).
6
Calculate 12 + 12 + -15 + 0.
9
What is the value of 0 + 7 - ((21 - 15) + -12)?
13
7 - (-1 - 7 - (-9 - -8))
14
What is -33 + 22 - (-10 + 3 + 2 + 10)?
-16
Calculate -18 + 5 + 5 + 18.
10
What is -96 + 90 + (2 - -4)?
0
What is the value of -13 - (8 - 32) - 4?
7
What is the value of (83 - 64) + -15 + (-4 - (3 + -1))?
-2
Evaluate 2 - ((-4 - (2 - 5) - -10) + -14).
7
Calculate -14 + (22 - (-15 + 7 + 11)).
5
Calculate (5 - 0) + 1 + (-2 - (-4 + -2)).
10
Calculate 6 - (7 + -3) - 15.
-13
Evaluate 2 + (5 - 3) + 2 - 10.
-4
What is -34 - (-36 - (-10 - 4))?
-12
What is 6 - (9 + 3 + -18)?
12
Calculate 23 + (6 - 0) + 6 - 11 - -9.
33
What is the value of 16 - 1 - 4 - (-48 + 47)?
12
Evaluate 9 - (31 - (-9 - -19 - 12 - -6)).
-18
What is the value of (0 - -49) + (-105 - -83)?
27
Evaluate 1 + 17 + (-8 - 5) + 6 + -7.
4
-26 + (-3 - (12 - 5)) + 12 + 12
-12
Calculate (8 - -1) + 11 + -15 - (-19 - -8).
16
What is (9 - -1) + -18 + -14 + 16?
-6
What is 0 - 47 - (-109 - -97) - -18?
-17
Calculate -7 + (3 - -2) + -8.
-10
What is the value of 679 - 691 - (-34 + 1)?
21
25 + -14 - 2 - 11
-2
Evaluate -769 - -750 - (-2 - 6).
-11
Evaluate 0 + -29 - (1717 - 1734).
-12
What is (27 + 7 - (-1 - -8)) + (18 - 30)?
15
Evaluate (16 - 21) + 4 + (1 - 5) + -13.
-18
(-8 - (-6 + 3 + -15 + 3)) + 8
15
-7 + 2 - (-412 - -410)
-3
What is the value of 119 + -110 - (1 + 18)?
-10
-12 + (20 - -4) - 32
-20
Calculate 10 + 7 - (19 + -11 - 2).
11
1 - -1 - (0 - -18 - (-1 + 0))
-17
What is the value of 14 + 0 + 1 + 28 + (-89 - -71)?
25
What is the value of (31 - (61 - 26)) + 1 + -11?
-14
26 - 11 - (-14 + 17)
12
What is 12 + (18 - 30) + 20 + 1?
21
What is -16 - (8 + (-19 - 4) - 2)?
1
1 - -4 - (35 + -54 + 23)
1
Evaluate -8 + (-1 - -21 - (-52 - -56)).
8
What is the value of (-17 - -29 - (4 - (-7 + 4))) + -5?
0
What is the value of (20 + -17 - (5 + -8 - -11)) + 1?
-4
Evaluate 6 + -8 + -3 + (2 - (6 - 12)).
3
Evaluate 1 + 2 + (-273 - -258).
-12
Evaluate 42 + -38 + -1 + -11 + (-26 - -13).
-21
What is the value of 0 - 8 - (-9 + 21 + -11)?
-9
3 - (3 + -2) - (20 + -6 - 4)
-8
Calculate 496 + -521 - (-23 - 0).
-2
Evaluate 4 + -11 + 16 - 6 - (-5 - 1).
9
What is -50 - (-66 - -26) - (-15 + 4)?
1
What is the value of -8 + 22 - (15 + -1 + -16)?
16
Evaluate (12 - 2) + (17 - 28).
-1
2 + (8 - (53 + -34))
-9
What is (-54 - (-86 - -64)) + (1 - -6)?
-25
What is 2 + 0 - 4 - (-16 - -4)?
10
What is -3 + 0 + 20 + -20 - 5?
-8
-10 - ((84 + -77 - (1 - 0)) + 3)
-19
6 - (6 - (-4 + 3 - (2 - 4)))
1
What is the value of -15 + (1 + 2 - (-2 + 9 + -9))?
-10
Evaluate (-2 - 18 - -15) + -16 + -3.
-24
(-30 - 1) + 10 + -3
-24
-19 - (-25 + -28 + 36)
-2
0 + 8 + 1 - (25 - 27)
11
Calculate -14 + -48 + 43 - (4 + -1 - 1).
-21
What is the value of (4 + -48 - 0 - -4) + -4 + 12?
-32
Calculate (5 - -3) + -6 + 18 + -7.
13
Evaluate (4 - 11) + 7 - -7 - -5.
12
Calculate (-27 - -30) + 11 + 14.
28
Evaluate (-1 - -34) + (-80 + -2 - -77).
28
Evaluate (-29 - -11) + (1 - 5) + (65 - 61).
-18
Calculate -5 - (-6 + 6 + 8 + -3).
-10
-188 + 163 + 9 + 0
-16
What is 5 - 8 - (-6 - -1) - (49 - 46)?
-1
What is the value of 48 + (-101 - -43) + 30?
20
Evaluate (-2 - -6) + 0 + 279 + -269.
14
What is the value of -2 + 3 - ((-8 - (-11 - -1)) + 3)?
-4
-7 + 44 + -12 + -30
-5
13 + 4 + -12 + -6 + 1
0
What is -6 - 18 - (-10 + 4 - (-8 + 8))?
-18
What is the value of (-947 - -961) + -16 + 0?
-2
What is the value of (-14 - -7) + (17 - 38) + 12?
-16
Evaluate 10 - (-22 + (-24 - -42)).
14
-43 - -79 - (-2 - (-14 + 3 - -3))
30
Evaluate (12 - -3 - 12) + -5.
-2
What is -6 + (5 - 8 - -10) + 17?
18
What is the value of 2 - 2 - -7 - (2 + -15 + 11)?
9
Calculate -1 + (0 - 